-4*i - 3*o + 4*o, i = 2*o - 1. Let c(a) = a**3 - 5*a**2 + a + 7. Calculate c(i).
12
Let r be -7 + -1 + 9/((-18)/(-4)). Let s(a) = -2*a + 7. Calculate s(r).
19
Let c(l) = l**2 + 2*l + 1. Let k be c(-1). Let o(b) be the second derivative of -b**3/6 + b**2/2 + b. Let s(u) = 5*u. Let d(x) = -6*o(x) - s(x). Calculate d(k).
-6
Let i = 16 - 16. Suppose -3*f = -4*f. Let t = i + f. Let s(j) = j**3 + j**2 + 2. Determine s(t).
2
Suppose -16 = 4*z + 3*h, 3*z + h + 8 = -9. Let w(f) = -f**2 - 6*f - 3. Determine w(z).
-10
Let q be 6/10 - 17/(-5). Suppose q = 4*t + l, -l + 0 = -t - 4. Suppose 4*m + 2*w + 4 = t, -4*w = 4*m - 5*w + 4. Let r(d) = 2*d**3 - d**2 + 1. What is r(m)?
-2
Suppose -5*r + 3*r + b = -8, 4*r = -2*b. Suppose 2*d + 2 = f, -r*d = 3*f + 16 - 6. Let j(i) = -2*i**3 - i - 1. Determine j(d).
17
Suppose -5*f + 2*f - 3 = -3*c, 3*f + 3 = 0. Let g(o) = -o**2 - 1. Let s be g(c). Let i(p) be the third derivative of 7*p**5/60 + p**4/24 - p**2. Calculate i(s).
6
Let n(u) = -7*u + 2. Let m be n(1). Let c(o) = -o**2 - 7*o - 5. What is c(m)?
5
Let s(b) = -b**3 - 16*b**2 + 17*b - 1. Let g be s(-17). Let p(o) be the second derivative of 0 - 1/2*o**2 + 1/4*o**5 + 0*o**4 - 1/3*o**3 - 2*o. Give p(g).
-4
Let i(s) = -s**3 - 5*s**2 - 3. Let l be 2/((-9)/9 + 3/5). Calculate i(l).
-3
Let t be ((-10)/(-4))/((-1)/(-6)). Let v = t + -21. Let z(k) = -k**2 - 6*k - 2. What is z(v)?
-2
Let j(i) = -3*i**2 + 3*i. Let w be 2*2*(-1)/1. Let t be 8/32 - 7/w. What is j(t)?
-6
Suppose 2*w = -w + y - 13, -w + 5*y = 9. Let u(t) = 4*t**2 + 2*t**3 + 2*t + 1 + t**3 - t**3 - t**3. Determine u(w).
-7
Suppose 25 = 4*o - 9*o. Let s(j) = 11*j + 1467*j**2 + j**3 - 3*j - 1461*j**2 + 5. Give s(o).
-10
Suppose 3*t - 6*t - 9 = 0. Let r(p) = -p + 2 - 4*p**2 + 0*p**2 + 3*p**2. Determine r(t).
-4
Let q(p) = p + 4*p - 4*p + 2. Calculate q(5).
7
Suppose -3*n - 12 = -0*n. Let f = n + 9. Let z(d) = d**2 - 2*d - 5. Give z(f).
10
Let i = 6 - 4. Let d(a) be the first derivative of a - 1 - 1/2*a**2. Calculate d(i).
-1
Suppose -z - 5 = -3*u + 2, -14 = 3*z - 2*u. Let r(n) = n**2 + 3*n - 4. What is r(z)?
0
Let c(a) = -2*a**2 + 5*a - 1. Let m(k) = k. Let b(z) = -c(z) + 2*m(z). Give b(3).
10
Let t(h) = -3*h**3 - 8*h**2 + h - 4. Let u(z) = 7*z**3 + 17*z**2 - z + 8. Let b(a) = 5*t(a) + 2*u(a). What is b(-6)?
-22
Let v = 21 - 13. Let j(u) = u - 4. Give j(v).
4
Let t(i) = -i**3 + 4*i**2 - i + 2. Let h(c) be the second derivative of -c**5/20 - 5*c**4/12 - c**3/6 - c**2/2 + 3*c. Let w be h(-5). Determine t(w).
-2
Let w(y) = -8*y. Let k(z) = -63*z. Let b(f) = -4*k(f) + 33*w(f). Give b(-1).
12
Let i(s) = -s**3 + 10*s**2 - 6*s + 5. Let d(c) = -c**2 + c. Let l = -13 + 8. Suppose 0 = -q - 1. Let y(v) = l*d(v) + q*i(v). Calculate y(5).
0
Let h(m) be the third derivative of -m**4/6 + 2*m**3/3 - 17*m**2. Determine h(6).
-20
Let l(m) be the first derivative of m**2/2 - 2*m - 57. Suppose 3 = 3*h + 2*k, -k = h - 0*h. Calculate l(h).
1
Let g(i) = 1 + 0*i - 7*i - i**2 + 0*i**2 + 2. Let c be g(-7). Let l(o) = -o**2 + 2*o + 4. Determine l(c).
1
Let g be (-21)/(-14) + 19/2. Let j(u) = g*u - 4*u + 2*u**3 - 6*u. What is j(-1)?
-3
Let v(x) = 2*x**3 + 23*x**2 - 16. Let c(h) = h**3 + 11*h**2 - 8. Let o(n) = -9*c(n) + 4*v(n). Determine o(-7).
8
Let n(c) = c**2 + c - 1. Let v be (-4 - -7 - 2)/(-1). What is n(v)?
-1
Let x(c) = 8*c - 12. Let f be x(4). Let p = f - 21. Let q(d) = d. Determine q(p).
-1
Let r(z) = z**3 - 9*z**2 + 10*z - 11. Let d be r(8). Let f = d + -3. Let p be f/(4/5)*-2. Let t(a) = -a**2 - 4*a + 1. Calculate t(p).
-4
Let b(v) be the second derivative of v**4/12 + 7*v**3/6 + 4*v**2 + 28*v. Calculate b(-7).
8
Let d(j) be the third derivative of -j**6/120 + j**5/12 - j**4/6 - j**2. Give d(4).
0
Suppose a = -4*a + 75. Let o = 15 - a. Let r(l) = l**2 + l - 3. Give r(o).
-3
Let z(v) = 2*v + 6. Let r be z(-7). Let y = r - -8. Let h(u) = -7*u + 3*u - 4 + 0 + y. What is h(-3)?
8
Let t be 5/(-2)*8/(-5). Suppose 4*v = -t*p - 4, -3*v + 2*v + 5 = -2*p. Let w(l) = 2*l**2 + l - 2*l**2 + l**3 + 2. Calculate w(p).
-8
Let x be 18*(-1 + (-16)/(-12)). Let o(p) be the third derivative of 1/24*p**4 + 0*p - 1/6*p**3 + 1/60*p**5 - p**2 + 0 - 7/120*p**x. What is o(1)?
-6
Let j(c) = -2*c**3 - c**2 - c - 1. Suppose -4*g + 36 = 4*x, -2*x = -0*x - 4*g. Let l = x - 7. Give j(l).
1
Suppose -2*l = -l - 8. Let s(n) = 7*n**2 - l*n**2 - 2 + 3*n + 3*n. Give s(7).
-9
Let d(o) = -o**3 + 3*o**2 + 8*o - 6. Let j = 10 - 5. Calculate d(j).
-16
Let s = -57 + 53. Let c(a) = -6*a. Determine c(s).
24
Suppose 8*h - 6*h = 6. Let c(a) = -3*a + 4. Determine c(h).
-5
Let n be (-1)/2 + 39/6. Let i(u) = -5*u**2 - 23*u + 9. Let s(x) = -2*x**2 - 11*x + 5. Let z(b) = 3*i(b) - 7*s(b). Determine z(n).
4
Let q(o) = 2 + 0 + 10*o**2 - 2*o - 9*o**2 - 8*o. Calculate q(10).
2
Let j(v) = v**2 + 8*v - 21. Let c be j(-10). Let h(i) = i**2. Determine h(c).
1
Let u(d) = -d - 1. Let l(f) = -f**2 + 4*f. Let g be l(5). Let i(z) = 6*z + 7. Let h(y) = g*u(y) - i(y). Calculate h(-8).
6
Let w = 25 - 30. Let k(d) be the third derivative of d**5/60 + d**4/4 + d**3/3 - d**2. Determine k(w).
-3
Let a(f) = -1 - 8 + 2 + f + 6. Give a(-3).
-4
Suppose -3*a = -2*k + k + 1, -2*a = -3*k + 3. Let t(c) = -c**2 + 7*c. Let w be t(6). Let p(j) = -w*j - 1 + 3*j + j - 2*j. Give p(k).
-5
Let f(x) be the first derivative of 0*x**3 + 1 + x**3 + 2*x**3. Let z = 58 - 59. What is f(z)?
9
Suppose -2*d + 20 = -2*k - 3*k, d + 5 = 0. Let b be (k*3/(-6))/(-1). Let v(l) = l**3 + 2*l**2 - 3*l + 3. Let f be v(b). Let n(y) = 4*y - 4. Calculate n(f).
8
Let i(l) be the second derivative of 0 + l**2 + 2*l - 1/6*l**4 - 1/10*l**5 + 1/2*l**3. Let d(m) = -m**3 - 2. Let s be d(0). Give i(s).
4
Let v(p) = 3*p + 2. Let r(j) = j**2 + 8*j. Suppose -5*h = 2*n + 48, -n = 2*n + 12. Let k be r(h). Let g be (-2)/(1 - k)*1. Determine v(g).
-4
Let w(c) = -c**2 + 6*c + 1. Let b(u) = 7*u**3 + u**2 - 1. Suppose 0 = k + 1 - 2. Let j be b(k). Give w(j).
-6
Let y = -20 - -21. Let r(i) = -2 - 4*i - i**2 - 7*i - y + 4*i. Calculate r(-6).
3
Suppose 6*l + 17 + 7 = 0. Let z(c) be the third derivative of -c**5/60 - 7*c**4/24 - c**3 + c**2. Calculate z(l).
6
Suppose -1 = 3*a - 22. Let i(q) = -q**3 + 6*q**2 + 5*q + 10. Give i(a).
-4
Let a = -2 + 1. Let g(i) = i**2. Let j(t) = -5*t**2 + 6*t + 2. Let h(r) = a*j(r) - 6*g(r). Determine h(-4).
6
Let k(g) = -153*g + 81*g + 74*g + 4. Give k(-5).
-6
Suppose 9 = 3*w - 0*w. Let n = w - 3. Suppose n = -4*f + i + 7, 2*f + 0*f + 19 = 5*i. Let m(a) = a**3 - 4*a**2 + 3*a - 2. Determine m(f).
-2
Let q(l) be the third derivative of l**6/120 - 7*l**5/60 + l**4/6 + l**3/6 + 7*l**2. Determine q(6).
-11
Let r(j) be the first derivative of 7*j**4/4 + j**3/3 - j + 4. Let g = -19 + 18. Give r(g).
-7
Let f = -6 + 32. Suppose -3*k + 29 = -5*b, -5*b = -2*k - 0*b + f. Let x(v) = -v**2 + 2 + 13*v - 15*v - 1 + 3. What is x(k)?
-11
Let r(p) = 5*p + 1 - 7*p + 4*p - 7*p**2 + 2*p**2. Give r(-1).
-6
Let t(u) = 5*u + 3. Let i(y) = 3*y + 1. Let r(j) = -i(j) + t(j). Let h = 0 - 3. Calculate r(h).
-4
Let n(u) = 0 - 17 + 0 + u + u**3. Give n(0).
-17
Let c(n) = -n**2 + 3*n + 1. Let y = -6 + 3. Let u be 18/8*(-16)/y. Suppose -3*p + u = p. Give c(p).
1
Let b(a) be the third derivative of -a**7/1680 + a**6/360 + 7*a**5/60 - 3*a**2. Let p(r) be the third derivative of b(r). Determine p(2).
-4
Let b(u) = -u**2 - 6*u - 3. Let p = -196 - -190. What is b(p)?
-3
Let b(c) = 2*c**3 - 3*c**2 + 2*c - 3. Let u(j) = -j + 1. Let k be u(-1). What is b(k)?
5
Let f = -5 + 4. Let p(z) be the third derivative of 0 + 0*z - 1/6*z**3 - 7/24*z**4 - 2*z**2. Determine p(f).
6
Let l(s) = -9*s - 1 - 8*s + 19*s. Give l(3).
5
Let x = -2 - -6. Suppose 21 = 5*t + v, 3*v + 11 = x*t - 2. Let r(w) = w**3 - 5*w**2 + 3*w + 4. Give r(t).
0
Suppose 2*k - k - 32 = 4*b, -5*b = 4*k - 23. Let r(a) = -a**3 + 12*a**2 + 1. Let h be r(k). Let p(s) = -6*s - 1. Give p(h).
-7
Let i(w) = -w - 2. Suppose -r - 2*h + h = -1, 0 = 4*h + 4. Let a(c) = c + 10. Let b(v) = -2*v - 20. Let s(j) = r*b(j) + 5*a(j). Let p be s(-7). Calculate i(p).
-5
Suppose 0 = n + 3 - 7. Suppose 2*a + 0*a = -2*b + n, -14 = 2*a - 4*b. Let i(j) = -2*j - 1. Determine i(a).
1
Let t(r) = 10*r**3 - 7*r**3 + r + 4*r**2 - 3 + 1. What is t(-2)?
-12
Let g(r) be the first derivative of -r**3/3 - r**2/2 - 6*r + 5. What is g(0)?
-6
Let w(v) b